{"id":33989,"date":"2026-04-02T11:31:09","date_gmt":"2026-04-02T11:31:09","guid":{"rendered":"https:\/\/kapusprendimai.lt\/?post_type=product&#038;p=33989"},"modified":"2026-04-02T13:16:38","modified_gmt":"2026-04-02T13:16:38","slug":"granitinis-zibintas-nr-35","status":"publish","type":"product","link":"https:\/\/kapusprendimai.lt\/index.php\/product\/granitinis-zibintas-nr-35\/","title":{"rendered":"Granitinis \u017eibintas Nr. 35"},"content":{"rendered":"<div class=\"wpb-content-wrapper\"><p>[vc_row][vc_column][vc_column_text css=&#8221;&#8221;]<\/p>\n<p class=\"\" data-start=\"1129\" data-end=\"1401\">\u0160is \u017eibintas pagamintas i\u0161 auk\u0161tos kokyb\u0117s juodo granito, o jo stiklin\u0117s sienel\u0117s yra \u0161velniai tamsintos, tod\u0117l ugnies \u0161viesa matoma \u0161velniai ir subtiliai. Tamsintas stiklas suteikia daugiau privatumo, estetikos ir ramyb\u0117s poj\u016bt\u012f.<\/p>\n<p class=\"\" data-start=\"1403\" data-end=\"1610\">\u0160is dizainas ypa\u010d tinka modernioms ar sant\u016bresnio stiliaus kapaviet\u0117ms. \u017dibintas i\u0161lieka tvirtas ir patikimas visomis oro s\u0105lygomis \u2013 tai ilgaam\u017eis sprendimas, sukurtas ne tik gro\u017eiui, bet ir funkcionalumui.<\/p>\n<p>[\/vc_column_text][\/vc_column][\/vc_row]<\/p>\n<\/div>","protected":false},"excerpt":{"rendered":"<p>Solidus ir ilgaam\u017eis \u017eibintas, pagamintas i\u0161 juodo granito su stiklin\u0117mis \u0161velniai tamsintomis sienel\u0117mis. Tvirtas, atsparus aplinkos poveikiui. Matmenys: 25&#215;16.5&#215;11 cm<\/p>\n","protected":false},"featured_media":33990,"template":"","meta":[],"product_brand":[],"product_cat":[76,90],"product_tag":[],"class_list":{"0":"post-33989","1":"product","2":"type-product","3":"status-publish","4":"has-post-thumbnail","6":"product_cat-dekoracijos-kapams","7":"product_cat-vazos-ir-zvakides","9":"first","10":"instock","11":"shipping-taxable","12":"purchasable","13":"product-type-simple"},"_links":{"self":[{"href":"https:\/\/kapusprendimai.lt\/index.php\/wp-json\/wp\/v2\/product\/33989","targetHints":{"allow":["GET"]}}],"collection":[{"href":"https:\/\/kapusprendimai.lt\/index.php\/wp-json\/wp\/v2\/product"}],"about":[{"href":"https:\/\/kapusprendimai.lt\/index.php\/wp-json\/wp\/v2\/types\/product"}],"wp:featuredmedia":[{"embeddable":true,"href":"https:\/\/kapusprendimai.lt\/index.php\/wp-json\/wp\/v2\/media\/33990"}],"wp:attachment":[{"href":"https:\/\/kapusprendimai.lt\/index.php\/wp-json\/wp\/v2\/media?parent=33989"}],"wp:term":[{"taxonomy":"product_brand","embeddable":true,"href":"https:\/\/kapusprendimai.lt\/index.php\/wp-json\/wp\/v2\/product_brand?post=33989"},{"taxonomy":"product_cat","embeddable":true,"href":"https:\/\/kapusprendimai.lt\/index.php\/wp-json\/wp\/v2\/product_cat?post=33989"},{"taxonomy":"product_tag","embeddable":true,"href":"https:\/\/kapusprendimai.lt\/index.php\/wp-json\/wp\/v2\/product_tag?post=33989"}],"curies":[{"name":"wp","href":"https:\/\/api.w.org\/{rel}","templated":true}]}}