{"id":32895,"date":"2025-05-07T11:36:56","date_gmt":"2025-05-07T11:36:56","guid":{"rendered":"https:\/\/kapusprendimai.lt\/?post_type=product&#038;p=32895"},"modified":"2026-04-16T11:29:41","modified_gmt":"2026-04-16T11:29:41","slug":"krastu-poliravimo-diskas-granitui-125-mm","status":"publish","type":"product","link":"https:\/\/kapusprendimai.lt\/index.php\/product\/krastu-poliravimo-diskas-granitui-125-mm\/","title":{"rendered":"Kra\u0161tini\u0173 poliravimo diskas \u2300125"},"content":{"rendered":"<div class=\"wpb-content-wrapper\"><p>[vc_row][vc_column][vc_column_text css=&#8221;&#8221;]<strong data-start=\"573\" data-end=\"583\" data-is-only-node=\"\">Tinka:<\/strong> kra\u0161t\u0173 \u0161lifavimui ir blizginimui kap\u0173 plok\u0161t\u0117ms, plytoms, stalvir\u0161iams ir pan.[\/vc_column_text][\/vc_column][\/vc_row]<\/p>\n<\/div>","protected":false},"excerpt":{"rendered":"<p>Poliravimo diskas, skirtas granito ir kit\u0173 nat\u016brali\u0173 akmen\u0173 kra\u0161t\u0173 \u0161lifavimui ir poliravimui. Disko skersmuo \u2013 125 mm.<\/p>\n","protected":false},"featured_media":33207,"template":"","meta":[],"product_brand":[],"product_cat":[80],"product_tag":[],"class_list":{"0":"post-32895","1":"product","2":"type-product","3":"status-publish","4":"has-post-thumbnail","6":"product_cat-akmens-apdirbimo-irankiai","8":"first","9":"instock","10":"shipping-taxable","11":"purchasable","12":"product-type-variable"},"_links":{"self":[{"href":"https:\/\/kapusprendimai.lt\/index.php\/wp-json\/wp\/v2\/product\/32895","targetHints":{"allow":["GET"]}}],"collection":[{"href":"https:\/\/kapusprendimai.lt\/index.php\/wp-json\/wp\/v2\/product"}],"about":[{"href":"https:\/\/kapusprendimai.lt\/index.php\/wp-json\/wp\/v2\/types\/product"}],"wp:featuredmedia":[{"embeddable":true,"href":"https:\/\/kapusprendimai.lt\/index.php\/wp-json\/wp\/v2\/media\/33207"}],"wp:attachment":[{"href":"https:\/\/kapusprendimai.lt\/index.php\/wp-json\/wp\/v2\/media?parent=32895"}],"wp:term":[{"taxonomy":"product_brand","embeddable":true,"href":"https:\/\/kapusprendimai.lt\/index.php\/wp-json\/wp\/v2\/product_brand?post=32895"},{"taxonomy":"product_cat","embeddable":true,"href":"https:\/\/kapusprendimai.lt\/index.php\/wp-json\/wp\/v2\/product_cat?post=32895"},{"taxonomy":"product_tag","embeddable":true,"href":"https:\/\/kapusprendimai.lt\/index.php\/wp-json\/wp\/v2\/product_tag?post=32895"}],"curies":[{"name":"wp","href":"https:\/\/api.w.org\/{rel}","templated":true}]}}