{"id":32238,"date":"2025-03-27T19:43:24","date_gmt":"2025-03-27T19:43:24","guid":{"rendered":"https:\/\/kapusprendimai.lt\/?page_id=32238"},"modified":"2025-03-28T06:13:09","modified_gmt":"2025-03-28T06:13:09","slug":"granito-gaminiu-montavimas","status":"publish","type":"page","link":"https:\/\/kapusprendimai.lt\/index.php\/granito-gaminiu-montavimas\/","title":{"rendered":"Granito gamini\u0173 montavimas"},"content":{"rendered":"<div class=\"wpb-content-wrapper\"><p>[vc_row][vc_column width=&#8221;1\/2&#8243;][vc_single_image image=&#8221;32197&#8243; img_size=&#8221;full&#8221; alignment=&#8221;center&#8221; css=&#8221;&#8221;][\/vc_column][vc_column width=&#8221;1\/2&#8243;][vc_column_text css=&#8221;&#8221;]<\/p>\n<h1><strong>Granito gamini\u0173 montavimas<\/strong><\/h1>\n<ul>\n<li><a href=\"https:\/\/kapusprendimai.lt\/index.php\/granito-ploksciu-montavimas\/\">Granito plok\u0161\u010di\u0173 montavimas <\/a><\/li>\n<li><a href=\"https:\/\/kapusprendimai.lt\/index.php\/granito-plyteliu-montavimas\/\">Granito plyteli\u0173 montavimas<\/a><\/li>\n<li><a href=\"https:\/\/kapusprendimai.lt\/index.php\/granito-tvoreles-montavimas\/\">Granito tvorel\u0117s montavimas\u00a0<\/a><\/li>\n<li><a href=\"https:\/\/kapusprendimai.lt\/index.php\/granito-gelynu-montavimas\/\">Granito dekoracij\u0173 montavimas<\/a><\/li>\n<li><a href=\"https:\/\/kapusprendimai.lt\/index.php\/individualus-uzsakymai-granito-gamybai\/\">Individual\u016bs u\u017esakymai granito gamybai\u00a0<\/a><\/li>\n<\/ul>\n<p>[\/vc_column_text][\/vc_column][\/vc_row]<\/p>\n<\/div>","protected":false},"excerpt":{"rendered":"<p>[vc_row][vc_column width=&#8221;1\/2&#8243;][vc_single_image image=&#8221;32197&#8243; img_size=&#8221;full&#8221; alignment=&#8221;center&#8221; css=&#8221;&#8221;][\/vc_column][vc_column width=&#8221;1\/2&#8243;][vc_column_text css=&#8221;&#8221;] Granito gamini\u0173 montavimas Granito plok\u0161\u010di\u0173 montavimas Granito plyteli\u0173 montavimas Granito tvorel\u0117s montavimas\u00a0<\/p>\n","protected":false},"author":2,"featured_media":0,"parent":0,"menu_order":0,"comment_status":"closed","ping_status":"closed","template":"","meta":{"footnotes":""},"folder":[103],"class_list":["post-32238","page","type-page","status-publish","hentry"],"_links":{"self":[{"href":"https:\/\/kapusprendimai.lt\/index.php\/wp-json\/wp\/v2\/pages\/32238","targetHints":{"allow":["GET"]}}],"collection":[{"href":"https:\/\/kapusprendimai.lt\/index.php\/wp-json\/wp\/v2\/pages"}],"about":[{"href":"https:\/\/kapusprendimai.lt\/index.php\/wp-json\/wp\/v2\/types\/page"}],"author":[{"embeddable":true,"href":"https:\/\/kapusprendimai.lt\/index.php\/wp-json\/wp\/v2\/users\/2"}],"replies":[{"embeddable":true,"href":"https:\/\/kapusprendimai.lt\/index.php\/wp-json\/wp\/v2\/comments?post=32238"}],"version-history":[{"count":4,"href":"https:\/\/kapusprendimai.lt\/index.php\/wp-json\/wp\/v2\/pages\/32238\/revisions"}],"predecessor-version":[{"id":32311,"href":"https:\/\/kapusprendimai.lt\/index.php\/wp-json\/wp\/v2\/pages\/32238\/revisions\/32311"}],"wp:attachment":[{"href":"https:\/\/kapusprendimai.lt\/index.php\/wp-json\/wp\/v2\/media?parent=32238"}],"wp:term":[{"taxonomy":"folder","embeddable":true,"href":"https:\/\/kapusprendimai.lt\/index.php\/wp-json\/wp\/v2\/folder?post=32238"}],"curies":[{"name":"wp","href":"https:\/\/api.w.org\/{rel}","templated":true}]}}