{"id":32199,"date":"2025-03-27T16:28:24","date_gmt":"2025-03-27T16:28:24","guid":{"rendered":"https:\/\/kapusprendimai.lt\/?page_id=32199"},"modified":"2025-03-28T06:18:20","modified_gmt":"2025-03-28T06:18:20","slug":"pamatu-betonavimas","status":"publish","type":"page","link":"https:\/\/kapusprendimai.lt\/index.php\/pamatu-betonavimas\/","title":{"rendered":"Pamat\u0173 betonavimas"},"content":{"rendered":"<div class=\"wpb-content-wrapper\"><p>[vc_row][vc_column width=&#8221;1\/2&#8243;][vc_single_image image=&#8221;32089&#8243; img_size=&#8221;Full&#8221; alignment=&#8221;center&#8221; css=&#8221;&#8221;][\/vc_column][vc_column width=&#8221;1\/2&#8243;][vc_column_text css=&#8221;&#8221;]<\/p>\n<h1><strong>Pamat\u0173 betonavimas\u00a0<\/strong><\/h1>\n<p>\u012erengiame tvirt\u0105 ir lyg\u0173 pagrind\u0105 kapavietei. Naudojame kokybi\u0161k\u0105 beton\u0105, suformuojame klojinius ir tinkamai sutvirtiname.[\/vc_column_text][\/vc_column][\/vc_row]<\/p>\n<\/div>","protected":false},"excerpt":{"rendered":"<p>[vc_row][vc_column width=&#8221;1\/2&#8243;][vc_single_image image=&#8221;32089&#8243; img_size=&#8221;Full&#8221; alignment=&#8221;center&#8221; css=&#8221;&#8221;][\/vc_column][vc_column width=&#8221;1\/2&#8243;][vc_column_text css=&#8221;&#8221;] Pamat\u0173 betonavimas\u00a0 \u012erengiame tvirt\u0105 ir lyg\u0173 pagrind\u0105 kapavietei. Naudojame kokybi\u0161k\u0105 beton\u0105, suformuojame<\/p>\n","protected":false},"author":2,"featured_media":32197,"parent":0,"menu_order":0,"comment_status":"closed","ping_status":"closed","template":"","meta":{"footnotes":""},"folder":[103],"class_list":["post-32199","page","type-page","status-publish","has-post-thumbnail","hentry"],"_links":{"self":[{"href":"https:\/\/kapusprendimai.lt\/index.php\/wp-json\/wp\/v2\/pages\/32199","targetHints":{"allow":["GET"]}}],"collection":[{"href":"https:\/\/kapusprendimai.lt\/index.php\/wp-json\/wp\/v2\/pages"}],"about":[{"href":"https:\/\/kapusprendimai.lt\/index.php\/wp-json\/wp\/v2\/types\/page"}],"author":[{"embeddable":true,"href":"https:\/\/kapusprendimai.lt\/index.php\/wp-json\/wp\/v2\/users\/2"}],"replies":[{"embeddable":true,"href":"https:\/\/kapusprendimai.lt\/index.php\/wp-json\/wp\/v2\/comments?post=32199"}],"version-history":[{"count":5,"href":"https:\/\/kapusprendimai.lt\/index.php\/wp-json\/wp\/v2\/pages\/32199\/revisions"}],"predecessor-version":[{"id":32327,"href":"https:\/\/kapusprendimai.lt\/index.php\/wp-json\/wp\/v2\/pages\/32199\/revisions\/32327"}],"wp:featuredmedia":[{"embeddable":true,"href":"https:\/\/kapusprendimai.lt\/index.php\/wp-json\/wp\/v2\/media\/32197"}],"wp:attachment":[{"href":"https:\/\/kapusprendimai.lt\/index.php\/wp-json\/wp\/v2\/media?parent=32199"}],"wp:term":[{"taxonomy":"folder","embeddable":true,"href":"https:\/\/kapusprendimai.lt\/index.php\/wp-json\/wp\/v2\/folder?post=32199"}],"curies":[{"name":"wp","href":"https:\/\/api.w.org\/{rel}","templated":true}]}}